{"id":145,"date":"2020-05-02T19:19:34","date_gmt":"2020-05-02T18:19:34","guid":{"rendered":"http:\/\/www.akademiapanajana.pl\/?page_id=145"},"modified":"2020-05-03T22:24:26","modified_gmt":"2020-05-03T21:24:26","slug":"na-rynku","status":"publish","type":"page","link":"https:\/\/www.akademiapanajana.pl\/index.php\/na-rynku\/","title":{"rendered":"Na Rynku"},"content":{"rendered":"<p>[et_pb_section fb_built=&#8221;1&#8243; fullwidth=&#8221;on&#8221; _builder_version=&#8221;4.4.5&#8243;][et_pb_fullwidth_image src=&#8221;https:\/\/www.akademiapanajana.pl\/wp-content\/uploads\/2020\/05\/22-1.jpg&#8221; _builder_version=&#8221;4.4.5&#8243; hover_enabled=&#8221;0&#8243;][\/et_pb_fullwidth_image][\/et_pb_section][et_pb_section fb_built=&#8221;1&#8243; _builder_version=&#8221;4.4.5&#8243;][et_pb_row _builder_version=&#8221;4.4.5&#8243;][et_pb_column type=&#8221;4_4&#8243; _builder_version=&#8221;4.4.5&#8243;][et_pb_text _builder_version=&#8221;4.4.5&#8243; header_3_text_align=&#8221;left&#8221; header_3_line_height=&#8221;1.4em&#8221;]<\/p>\n<h3><span>W \u015brodku zimy wiosna zawita\u0142a na i\u0142\u017cecki Rynek! Soczysta ziele\u0144, \u017cywe barwy rozweseli\u0142y szar\u0105 zimow\u0105 sceneri\u0119 miasta, a wszystko za spraw\u0105 grafiki wspomnieniowej wykonanej przez Norberta Jastalskiego.<\/span><\/h3>\n<p>[\/et_pb_text][\/et_pb_column][\/et_pb_row][et_pb_row _builder_version=&#8221;4.4.5&#8243;][et_pb_column type=&#8221;4_4&#8243; _builder_version=&#8221;4.4.5&#8243;][et_pb_divider _builder_version=&#8221;4.4.5&#8243; width=&#8221;10%&#8221; module_alignment=&#8221;center&#8221;][\/et_pb_divider][\/et_pb_column][\/et_pb_row][et_pb_row _builder_version=&#8221;4.4.5&#8243;][et_pb_column type=&#8221;4_4&#8243; _builder_version=&#8221;4.4.5&#8243;][et_pb_gallery gallery_ids=&#8221;344,343,342,341,340,339,338,337,336,335,334,333,332,331,330,329,328,327,326,325,324,323,322,321,320,319,318,317,316,315&#8243; posts_number=&#8221;12&#8243; show_title_and_caption=&#8221;off&#8221; _builder_version=&#8221;4.4.5&#8243;][\/et_pb_gallery][\/et_pb_column][\/et_pb_row][et_pb_row _builder_version=&#8221;4.4.5&#8243;][et_pb_column type=&#8221;4_4&#8243; _builder_version=&#8221;4.4.5&#8243;][et_pb_gallery gallery_ids=&#8221;369,368,367,370,366,363,364,361,365,362,358,357,359,360,356,354,353,355,352,351,350,348,347,349&#8243; posts_number=&#8221;24&#8243; show_title_and_caption=&#8221;off&#8221; _builder_version=&#8221;4.4.5&#8243;][\/et_pb_gallery][\/et_pb_column][\/et_pb_row][\/et_pb_section]<\/p>\n","protected":false},"excerpt":{"rendered":"<p>W \u015brodku zimy wiosna zawita\u0142a na i\u0142\u017cecki Rynek! Soczysta ziele\u0144, \u017cywe barwy rozweseli\u0142y szar\u0105 zimow\u0105 sceneri\u0119 miasta, a wszystko za spraw\u0105 grafiki wspomnieniowej wykonanej przez Norberta Jastalskiego.<\/p>\n","protected":false},"author":1,"featured_media":0,"parent":0,"menu_order":0,"comment_status":"closed","ping_status":"closed","template":"","meta":{"_et_pb_use_builder":"on","_et_pb_old_content":"<!-- wp:divi\/placeholder \/-->","_et_gb_content_width":"","footnotes":""},"class_list":["post-145","page","type-page","status-publish","hentry"],"_links":{"self":[{"href":"https:\/\/www.akademiapanajana.pl\/index.php\/wp-json\/wp\/v2\/pages\/145","targetHints":{"allow":["GET"]}}],"collection":[{"href":"https:\/\/www.akademiapanajana.pl\/index.php\/wp-json\/wp\/v2\/pages"}],"about":[{"href":"https:\/\/www.akademiapanajana.pl\/index.php\/wp-json\/wp\/v2\/types\/page"}],"author":[{"embeddable":true,"href":"https:\/\/www.akademiapanajana.pl\/index.php\/wp-json\/wp\/v2\/users\/1"}],"replies":[{"embeddable":true,"href":"https:\/\/www.akademiapanajana.pl\/index.php\/wp-json\/wp\/v2\/comments?post=145"}],"version-history":[{"count":8,"href":"https:\/\/www.akademiapanajana.pl\/index.php\/wp-json\/wp\/v2\/pages\/145\/revisions"}],"predecessor-version":[{"id":424,"href":"https:\/\/www.akademiapanajana.pl\/index.php\/wp-json\/wp\/v2\/pages\/145\/revisions\/424"}],"wp:attachment":[{"href":"https:\/\/www.akademiapanajana.pl\/index.php\/wp-json\/wp\/v2\/media?parent=145"}],"curies":[{"name":"wp","href":"https:\/\/api.w.org\/{rel}","templated":true}]}}